 u be m(6). Suppose u*o - 79 = o. Let a = o - -158. Calculate the remainder when a is divided by 20.
19
Suppose 0*k - 3 = -2*k - 3*b, b + 3 = 0. Let f be (1/(-1) - 6/(-4))*4. Suppose -f*h = -20 - 26. What is the remainder when h is divided by k?
5
Suppose 1 + 2 = m. Suppose r = 3 + m. Suppose -r*b + 195 = -b. Calculate the remainder when b is divided by 14.
11
Let m(n) = -41*n + 3. Let t = -4 - -3. Calculate the remainder when m(t) is divided by 15.
14
Suppose 1377 = 9*d - 630. What is the remainder when d is divided by 16?
15
Let h = -339 + 643. Suppose 9*q = h - 25. What is the remainder when q is divided by (-11)/(-2)*(-2)/(-1)?
9
What is the remainder when 203 is divided by (-434)/(-6) + 44/(-132)?
59
Let b = -24 - -27. Let l = -1 + b. Calculate the remainder when 23 is divided by 12*(l + -1) + -4.
7
Suppose -6*h + 4*h = -18. Suppose h*s + 45 = 10*s. Calculate the remainder when s is divided by 12.
9
Let g(p) = p**3 + p**2 + 113. Suppose -296*y + 292*y + 116 = 0. Calculate the remainder when g(0) is divided by y.
26
Let l be 2 - (0 + -5)/5. Suppose -l*s = -6*s + 186. What is the remainder when s is divided by 22?
18
Suppose 3*m + t - 125 = 5*t, 168 = 4*m - 4*t. Let u(y) = -y**2 + 6*y + 18. What is the remainder when m is divided by u(7)?
10
Let c be (-720)/64 - 1/(-4). Calculate the remainder when (-24)/9*c/4*15 is divided by 56.
54
Let r(l) = l**2 - 7*l + 4. Let d be r(9). Let n = -10 + d. Let z(b) = b + 21. Calculate the remainder when z(0) is divided by n.
9
Let a be (45/(-4))/9*-8. Suppose a = -5*x + 30. Suppose -3*c + 3 = 5*v, 5*c - x*v + 9*v - 15 = 0. Calculate the remainder when 21 is divided by c.
3
Suppose 0 = 30*r - 25*r - 5. Calculate the remainder when 34 is divided by (-75)/(-5) - (4 - r).
10
Let j be (-67)/(-13) + (-4)/26. Suppose 0 = j*r - 68 + 23. What is the remainder when r is divided by 6?
3
Let h = 1846 + -1820. Let v(n) = n**3 + 7*n**2 + 6*n + 2. Let z be v(-6). Suppose -20 = -z*j - 2. What is the remainder when h is divided by j?
8
Suppose 3*t - 26 = -3*b - t, 2*t - 12 = -b. Suppose 51 = b*a + a. What is the remainder when 7 is divided by a/5 + 6/(-15)?
1
Let p = 20 + -57. Let u = p + 95. Let c = -32 - -47. What is the remainder when u is divided by c?
13
Suppose 10*s - 1105 = 15*s. What is the remainder when (s/26)/((-1)/4) is divided by 18?
16
Let i = -30 + 45. Let m(z) = -8*z - 14. Suppose 0 = 4*k - 3*u + 48, k = 4*k - u + 31. What is the remainder when m(k) is divided by i?
13
Suppose -f + 2*f - 51 = 0. Let w be f/15 - 4/10. What is the remainder when 2 is divided by (3 - 4)*(2 - w)?
0
Suppose 0 = -q + n + 139, -4*n + 514 + 34 = 4*q. Let x = -104 + q. What is the remainder when x is divided by 13?
8
Let i(l) = -2 - l**3 + 9 - 1 + l. Let n(h) = h**2 + 5*h - 6. Let x be n(-6). What is the remainder when 20 is divided by i(x)?
2
What is the remainder when 144/(-5)*90/(-36) is divided by 11?
6
Suppose 5*h - 159 = 2*a + 1810, -4*h - 4*a = -1564. What is the remainder when h is divided by 48?
9
Suppose -3*d - 11*a = -15*a - 15, -33 = -2*d - 5*a. What is the remainder when d is divided by 1?
0
Suppose 3*i - a - 3*a + 5 = 0, 0 = i - a. Suppose -9*p - 166*p = -4725. What is the remainder when p is divided by i?
2
Let g = 93 - 33. Calculate the remainder when (4/(-10) + g/25)*51 is divided by 15.
12
Calculate the remainder when 111 is divided by 15 - (4 - (5 + 0)).
15
Suppose -u - u = -5*c + 5, -u + c = -2. Let a = 50 - u. What is the remainder when a is divided by (-28 + 0)*23/((-805)/30)?
21
Suppose 3*d = -2*b - 2*d + 134, 12 = 3*d. What is the remainder when 283 is divided by b?
55
Let t(z) = -z**3 + z**2 + 755. Let v be t(0). Suppose -3*q - 4*p + 1844 = 0, 4*q - 1733 = 2*p + v. What is the remainder when q/16 - (-2)/8 is divided by 14?
11
Let c(l) = -6*l**3 - l**2 + 3. Let n be c(-2). Suppose -109 = -3*o + n. Calculate the remainder when o is divided by 11.
8
Suppose 0 = -6*g + 5*g + 422. Suppose -4*m = p - g, 2*p - 1 = 3. Let f(j) = -14*j - 1. Calculate the remainder when m is divided by f(-2).
24
Let v(z) be the first derivative of -z**2/2 + 43*z + 27. Calculate the remainder when v(10) is divided by 17.
16
Suppose 4410 = 23*o + 12*o. Calculate the remainder when o is divided by 39.
9
Let c(z) = z**3 + 11*z**2 + 11*z + 3. Let b = 26 - 23. Suppose -b*m = 2*m - 85. Calculate the remainder when c(-9) is divided by m.
15
Let p(c) = -36*c**3 - 2*c**2 - c. Suppose -5*i - 5*h - 12 = -7, 3*i = 3*h - 3. Suppose 0 = -3*q + 45 - 18. Calculate the remainder when p(i) is divided by q.
8
Let a(j) = -4*j - 9. Let w be (-2 - 598)*(63/12)/(-7). What is the remainder when a(-6) is divided by 4/(-14) + w/105?
3
Let m(g) = 4*g - 11. Suppose -35 = -2*n + 21. Calculate the remainder when n is divided by m(4).
3
Suppose -3*s - 4*a = -70, 30 = 2*s - a - 2. Let n = 43 - s. Calculate the remainder when n is divided by (13/(-2) - 0)*-2.
12
Let h(p) = p**3 - 10*p**2 - 10*p - 1. Let g be h(11). Let c(i) = -i**2 - 15*i - 8. What is the remainder when c(-9) is divided by g/5 + 12 + 2?
14
Let m(h) = h**3 + 6*h**2 - 9*h + 7. Calculate the remainder when 182 is divided by m(3).
60
Let p = -484 - -498. What is the remainder when 191 is divided by p?
9
Let i be (-4008)/(-120) - (1 + 6/(-10)). Suppose 2*n + 3*n - 237 = 4*r, -4*r = n - i. What is the remainder when n is divided by 10?
5
Let p = 857 - 595. What is the remainder when p is divided by 24?
22
Let p(z) = 32*z**2 + 9*z - 4. What is the remainder when p(4) is divided by 21?
19
Let f(d) = -2*d**3 - 5*d**2 - 3*d - 4. Let m(c) = -c**2 - 4*c + 1. Let q be m(-5). What is the remainder when f(-4) is divided by (-19)/((4/6)/(q/6))?
18
Let f = -23 - -44. What is the remainder when 120 is divided by f?
15
Let g = 56 - 40. Let f(x) = -x**3 + 15*x**2 + 19*x - 33. Calculate the remainder when 59 is divided by f(g).
14
Suppose 4*k - 420 = -8*k. Let w(z) = z**3 + 16*z**2 + 19*z + 12. What is the remainder when w(-14) is divided by k?
33
Suppose -5*o + 2*s = -0*s - 945, 0 = 2*s + 10. What is the remainder when o is divided by 4 + -2 + -2 + 46 + 1?
46
Suppose 4*r = -5*j + 8, -3*j + 0*j + 2 = r. Suppose -25 = -5*m - 5*g, r*m + 41 = 7*m + g. Calculate the remainder when 113 is divided by m.
5
Let m = 28 + -17. Let z be ((-200)/(-125))/(2/(-5)). What is the remainder when (z - 21/(-6))*-40 is divided by m?
9
Let a(o) = -35*o - 127. What is the remainder when a(-8) is divided by 57?
39
Let w = 973 + -933. Calculate the remainder when 1997 is divided by w.
37
Let j = 1146 - 1084. Calculate the remainder when 556 is divided by j.
60
Let p be (36/12)/(22/8 - 2). Suppose -20 = -4*g - g. Suppose -g*q + 2*q + t + 81 = 0, 5*q + p*t = 170. What is the remainder when q is divided by 10?
8
Suppose 3*i + 2*i - 2*c - 11 = 0, -2*i - c = -8. Suppose 30 = 3*l - f, l - 1 - 9 = 2*f. Let y = l - i. Calculate the remainder when 24 is divided by y.
3
Let u be ((-4 + -14)/(-1))/2. Let g be 3*4/(-12)*u. Calculate the remainder when 610/15 + (-3)/g is divided by 11.
8
Suppose -2*v + 2*n = 4*n - 86, 4*v - 2*n = 160. Suppose 2 = 3*t + 2*k - 101, -t = 4*k - v. What is the remainder when 129 is divided by t?
30
Let a = -504 + 595. What is the remainder when 2091 is divided by a?
89
Suppose -6 = 2*s, 0*g = -5*g - 2*s + 109. Suppose i + 5*h = g, 2*i + 2*h - 38 + 8 = 0. Calculate the remainder when (-2)/8 + (-747)/(-12) is divided by i.
10
Let c be 12/(-6 + 2) - 1. Let d be (-21)/c - (-5)/(-20). Suppose -4*u = -d*u + 8. What is the remainder when 15 is divided by u?
7
Suppose -6*x + 67 + 41 = 0. Suppose -29*f = -31*f + 140. Calculate the remainder when f is divided by x.
16
Let u(v) = 4*v + 32. Let s be u(-9). Suppose 3*n = -a - 9, -3*n + n = 5*a + 97. What is the remainder when 48 is divided by (6/s)/(a/140)?
8
Let x = -36 - -52. Suppose -1636*k - 145 = -1641*k. What is the remainder when k is divided by x?
13
Let a(l) = -l**2 - 6*l - 2. Let y be a(-7). Let d(p) = p**2 + 2*p - 13. Let m = 17 - 4. Calculate the remainder when d(y) is divided by m.
11
Suppose 1 + 65 = 3*m. Let q = -16 + m. Suppose 9 = 3*o, 3*k + 5*o - 39 = o. What is the remainder when k is divided by q?
3
Suppose -6*i = 7 - 19. Suppose b - 619 = -4*r - 2*b, -i*r - 2*b + 310 = 0. Calculate the remainder when r is divided by 39.
37
Suppose 0*f - 26 = -3*f - 4*h, 2*f - 5*h - 2